6/v + 64/2. Calculate the highest common divisor of 4 and n.
4
Suppose 87 = -3*u + 267. Calculate the highest common divisor of u and 36.
12
Let w(f) = 2*f**2 + 4*f + 5. Let o be w(-4). Let b(l) = -3*l**2 - 28*l + 39. Let h be b(-11). Let t = h + o. Calculate the highest common divisor of t and 55.
5
Let f be 125/10*(1 - -1). Suppose -5*q + f + 50 = 0. Calculate the highest common divisor of q and 135.
15
Let j be -132*3*(-14)/63. Calculate the greatest common divisor of 24 and j.
8
Let u = 96 + -98. Let o be (-3)/u - 58*3/(-4). Calculate the highest common factor of o and 9.
9
Let y(z) = z**3 + 12*z**2 + 8*z + 84. Let x be y(-10). Calculate the highest common divisor of 306 and x.
102
Let o(y) = 2*y**2 - 25*y + 147. Let b be o(8). Calculate the greatest common divisor of b and 200.
25
Let s = 23 - 7. Let z be 8/s + (-137)/(-2). What is the highest common divisor of 23 and z?
23
Let f be 648/5 - (-2)/5. Let w(z) = 2*z**2 + 4*z - 3. Let s be w(2). Calculate the greatest common divisor of s and f.
13
Suppose 773*y + 5185 = 778*y. What is the highest common divisor of y and 61?
61
Let s = -107 - 17. Let w = s + 164. Calculate the highest common divisor of 20 and w.
20
Let x be 170/3*(-18)/(-15). Let w be (219/(-146))/((-12)/32). Calculate the greatest common factor of x and w.
4
Suppose 5*c + 10 = 0, 5*n + 5*c + 1029 = 4694. What is the greatest common factor of 49 and n?
49
Let k be ((-14)/(-6))/((-1)/(-36)*2). Calculate the highest common divisor of 14 and k.
14
Suppose -7*u + 5*u - 624 = -4*v, 4*u = -4*v + 612. What is the highest common divisor of 62 and v?
31
Suppose 189 = -4*k + 4*j + 501, -2*k + 131 = 3*j. Let g = k - 62. Calculate the highest common divisor of g and 110.
11
Let v(m) = m - 2. Let y be v(1). Let f be (2 + y)*(-112)/(-9 + 1). Calculate the highest common divisor of 70 and f.
14
Let r be (-5 + 38)/(-3) + 78. Calculate the highest common factor of r and 3.
1
Suppose -56 = -5*n - l - 0*l, 0 = 2*n + 2*l - 24. Suppose 490 = 5*u + i, -6*u - i = -2*u - 391. Calculate the highest common factor of n and u.
11
Let n = 595 - 21. What is the greatest common factor of n and 14?
14
Let u be ((-624)/42)/((-10)/35). Calculate the greatest common factor of 78 and u.
26
Suppose -h - 2*w - 6 = 32, -5*w = -2*h - 40. Let k = 53 + h. Calculate the greatest common divisor of k and 92.
23
Let j(c) = 8*c - 141. Let n be j(27). What is the highest common factor of n and 35?
5
Let j be (-1)/(3458/(-864) + 4). Suppose 14*d - j = 10*d. Suppose w - 4*n + 4 = 0, -3*w + d = 3*n + 45. What is the greatest common factor of w and 144?
16
Let a be (-6 - (-22)/1) + -3. Calculate the highest common factor of a and 39.
13
Suppose -5*b + 0*w = -w - 1005, -5*w = 4*b - 804. Suppose g = -3*g - 5*s + b, 186 = 4*g + 2*s. Calculate the greatest common factor of g and 22.
22
Let a be (24/(-18))/(1/(-255)*1). What is the highest common divisor of 5 and a?
5
Let y(s) = 17*s**3 - 4*s**2 + 5. Let p be y(-2). Let k = -131 - p. Calculate the greatest common factor of 160 and k.
16
Suppose -5*n = 249 - 559. What is the greatest common divisor of 279 and n?
31
Let b be (2/(-4))/((-4)/32). Suppose -b*f + 3*x = -69, -4*x = -4*f + 9*f - 63. What is the greatest common divisor of f and 20?
5
Let o be ((-6)/(-2) - 0) + -10 + 16. Let c = -39 + 75. What is the greatest common factor of c and o?
9
Let u(l) = 3*l + 8. Let g be u(0). Suppose -g*z = -9*z + 12. What is the greatest common factor of 24 and z?
12
Let q(f) = 32*f**2 + 12 - 10*f**2 - 2*f - 14 + 7*f. Let d be q(-2). Calculate the highest common factor of d and 38.
38
Let u = 32 + -18. Let r(k) = -2*k**2 + 11*k + 43. Let l be r(8). Let s = u - l. Calculate the greatest common divisor of s and 33.
11
Let v(j) = -3*j + 26. Let w be v(6). Let d = -69 - -77. What is the greatest common factor of w and d?
8
Let t be (-15)/10*(-66)/9. Suppose -z + 88 - 16 = m, 2*z - 4*m - 174 = 0. What is the greatest common factor of z and t?
11
Let g = 267 - 235. Let x be 88/20 - 2/5. Suppose -2*v = v + n - 9, -4*n - x = 2*v. Calculate the highest common factor of v and g.
4
Let k = 6479 + -4594. What is the highest common divisor of 26 and k?
13
Let c(q) = q**2 - 3*q - 5. Let p be c(-5). Suppose 3*a - p = -2. Let w(x) = x**2 + 9*x + 1. Let o be w(-10). Calculate the greatest common divisor of o and a.
11
Let d = -566 + 1086. Calculate the highest common divisor of 80 and d.
40
Suppose -589 + 49 = -5*n + 5*f, 225 = 2*n - 5*f. What is the greatest common divisor of 84 and n?
21
Let k be 2/2 - (-7 + -1). Let q be (k/6)/(6/(-8)). Let c be 1 + q/1 + 10. What is the highest common divisor of c and 36?
9
Suppose 3*z = 5*k - 5670, -3*z = 5*k - 3116 - 2554. What is the highest common divisor of k and 42?
42
Let k = 366 + -123. Calculate the highest common factor of k and 108.
27
Let w = 61 - 43. What is the greatest common divisor of w and 261?
9
Suppose 14*b - 916 = 3550. Calculate the greatest common factor of 87 and b.
29
Let s(u) = -u**3 + 23*u**2 + 24*u - 5. Let n be s(24). Let f be (46/(-6) - n)*-12. Calculate the greatest common divisor of 96 and f.
32
Suppose 3*o = 3*w - 1137, -w + 1886 = 4*w + 4*o. What is the highest common divisor of 42 and w?
42
Let b = 53 - 55. Let q be (-4186)/(-65) - b/(-5). Calculate the greatest common divisor of q and 16.
16
Let y(t) = 25*t - 33. Let r be y(4). Suppose 13 = -b + r. Calculate the highest common factor of b and 36.
18
Suppose 5 = t + j - 3*j, -4*t + 4*j = -36. Let i(k) = 2*k**3 - 11*k**2 - 6*k + 13. Let r be i(6). Calculate the greatest common divisor of t and r.
13
Suppose -6*i + i = 5. Let y be 21*i*6/(-18). Suppose -y*v + 3*v + 40 = 0. What is the greatest common divisor of v and 50?
10
Let r(q) = q + 8. Let h be r(-2). Let w be 8/(4/(-2)) + h. Let v be 4 + -2 - 20*-1. What is the highest common divisor of w and v?
2
Let i(a) = -31*a - 29. Let v be i(-3). Calculate the greatest common divisor of v and 80.
16
Let y(m) = -m + 20. Let j be 9*((-20)/(-6))/5. Let k be y(j). What is the greatest common divisor of k and 2?
2
Let j = 14 + 11. Let v = j + 1. What is the highest common divisor of v and 26?
26
Let m(z) = 26*z + 49. Let l be m(0). Calculate the highest common factor of 441 and l.
49
Let l = 662 + 1242. What is the greatest common divisor of 119 and l?
119
Let l(p) = -23*p - 112. Let r be l(-8). What is the greatest common factor of 8 and r?
8
Let u(l) = -10*l - 17. Let o be u(6). Let j = o - -189. Let g be (-5 - 0)*j/(-35). Calculate the highest common divisor of g and 4.
4
Let y be (-204)/(-28) + (-4)/14. Let j be (-6)/(-15) + (-2)/5 + 5. Suppose -84 = -7*a - j*a. What is the greatest common factor of y and a?
7
Suppose 5*p - 61 = -4*w, 3*w + p = 4 + 39. Let b be 3*(w/6)/1. Let h be 5*(-3 + b + 10). What is the greatest common divisor of 14 and h?
14
Suppose a + 357 = 4*a. Let b be 4/18 - a/9. Let w = 23 + b. Calculate the greatest common divisor of w and 30.
10
Let l be 44 - -5 - 6/(-1). Let r be 2 + (-1)/(3/(-60)). What is the greatest common divisor of l and r?
11
Suppose -n = 4*h - 54, -n + 2*h = 2*n - 162. Suppose d = 2*a - 78, 4*a + 35 = -2*d + 167. What is the greatest common divisor of a and n?
18
Suppose 0*v - 3*v + 2*p + 88 = 0, -150 = -5*v + 5*p. Calculate the highest common factor of v and 28.
28
Let d(j) = -3*j - 10. Let w be d(10). Let p = w + 121. Let r = p - 56. What is the highest common factor of r and 10?
5
Suppose 0*o - 2*o = -2064. Let y be o/15 + (-2)/(-10). Let i = -35 - -58. Calculate the greatest common factor of i and y.
23
Suppose -5*o = -2*z - 35, 2*o + z - 34 = -20. Let i(k) = k + 3. Let f be i(-4). Let w be (3 - -11)/(f/(-4)). What is the highest common factor of w and o?
7
Suppose 4*t = -5*q + 1470, 3*q - 82 = -4*t + 800. What is the greatest common factor of q and 126?
42
Let o(q) = 15*q - 469. Let u be o(33). What is the highest common divisor of 949 and u?
13
Suppose 5*p - 3526 = -651. Calculate the highest common divisor of 23 and p.
23
Suppose 0 = -5*n + 5*x - 5, 0 = 4*n + 4*x + x - 32. Let d(r) = -10*r + 56. Let f be d(6). Let z be n/2*f/(-6). What is the greatest common divisor of z and 7?
1
Let p = 1365 - 1161. Calculate the highest common divisor of 30 and p.
6
Suppose -10*g = -7*g - 45. Let n = g + -6. Suppose -4*z + 15 + 9 = 0. What is the greatest commo